What is the tens digit of 410411?
1
What is the units digit of 515134?
4
What is the tens digit of 422246?
4
What is the ten thousands digit of 49821?
4
What is the ten thousands digit of 523910?
2
What is the thousands digit of 377631?
7
What is the hundred thousands digit of 27670034?
6
What is the hundred thousands digit of 7548560?
5
What is the ten thousands digit of 525248?
2
What is the units digit of 574202?
2
What is the ten thousands digit of 2013117?
1
What is the hundreds digit of 9183842?
8
What is the hundred thousands digit of 268704?
2
What is the ten thousands digit of 385983?
8
What is the hundreds digit of 134229?
2
What is the units digit of 660820?
0
What is the tens digit of 5094727?
2
What is the ten thousands digit of 8502933?
0
What is the tens digit of 1397242?
4
What is the tens digit of 22475?
7
What is the hundreds digit of 494265?
2
What is the thousands digit of 1850188?
0
What is the hundred thousands digit of 23864240?
8
What is the ten thousands digit of 4314919?
1
What is the ten thousands digit of 11537208?
3
What is the hundreds digit of 193253?
2
What is the tens digit of 81890?
9
What is the units digit of 247391?
1
What is the ten thousands digit of 1976073?
7
What is the hundred thousands digit of 216347?
2
What is the ten thousands digit of 904292?
0
What is the units digit of 2781003?
3
What is the hundreds digit of 132481?
4
What is the hundreds digit of 90698?
6
What is the hundreds digit of 29478?
4
What is the ten thousands digit of 519287?
1
What is the hundred thousands digit of 448905?
4
What is the thousands digit of 188679?
8
What is the ten thousands digit of 441764?
4
What is the ten thousands digit of 951442?
5
What is the units digit of 238766?
6
What is the ten thousands digit of 220990?
2
What is the hundreds digit of 67194?
1
What is the hundred thousands digit of 483875?
4
What is the hundred thousands digit of 340852?
3
What is the thousands digit of 4387590?
7
What is the ten millions digit of 12770139?
1
What is the hundreds digit of 502527?
5
What is the thousands digit of 28289?
8
What is the hundred thousands digit of 1117848?
1
What is the ten thousands digit of 321843?
2
What is the hundred thousands digit of 12811067?
8
What is the hundred thousands digit of 7277927?
2
What is the units digit of 4459506?
6
What is the hundred thousands digit of 1266177?
2
What is the hundred thousands digit of 8417742?
4
What is the hundreds digit of 5014994?
9
What is the ten thousands digit of 16160?
1
What is the hundreds digit of 379700?
7
What is the hundreds digit of 9432823?
8
What is the units digit of 1764247?
7
What is the hundreds digit of 360485?
4
What is the units digit of 9413224?
4
What is the tens digit of 174918?
1
What is the hundreds digit of 545762?
7
What is the units digit of 132346?
6
What is the tens digit of 7315507?
0
What is the units digit of 1628456?
6
What is the tens digit of 20210?
1
What is the millions digit of 10194065?
0
What is the hundreds digit of 3070111?
1
What is the hundreds digit of 833920?
9
What is the hundreds digit of 326763?
7
What is the thousands digit of 455381?
5
What is the hundred thousands digit of 1566255?
5
What is the units digit of 65603?
3
What is the tens digit of 344019?
1
What is the ten thousands digit of 7768410?
6
What is the units digit of 7209024?
4
What is the hundred thousands digit of 1606186?
6
What is the hundred thousands digit of 11980023?
9
What is the hundreds digit of 121271?
2
What is the tens digit of 161218?
1
What is the tens digit of 478411?
1
What is the hundreds digit of 11889709?
7
What is the tens digit of 892498?
9
What is the millions digit of 5438626?
5
What is the units digit of 390750?
0
What is the hundreds digit of 825201?
2
What is the hundred thousands digit of 955587?
9
What is the units digit of 460579?
9
What is the millions digit of 2209584?
2
What is the units digit of 967426?
6
What is the hundreds digit of 3827756?
7
What is the units digit of 78927?
7
What is the ten thousands digit of 695593?
9
What is the ten thousands digit of 2206691?
0
What is the hundred thousands digit of 945129?
9
What is the tens digit of 507458?
5
What is the millions digit of 24562013?
4
What is the ten millions digit of 19487938?
1
What is the units digit of 3314511?
1
What is the millions digit of 3710232?
3
What is the units digit of 27015172?
2
What is the units digit of 12301?
1
What is the tens digit of 324674?
7
What is the hundreds digit of 1793068?
0
What is the units digit of 226260?
0
What is the tens digit of 10597260?
6
What is the thousands digit of 531704?
1
What is the units digit of 5846076?
6
What is the hundred thousands digit of 3783479?
7
What is the tens digit of 6956847?
4
What is the thousands digit of 3515449?
5
What is the ten thousands digit of 943168?
4
What is the hundred thousands digit of 362417?
3
What is the hundreds digit of 688706?
7
What is the units digit of 404721?
1
What is the ten thousands digit of 14097844?
9
What is the thousands digit of 370816?
0
What is the units digit of 126394?
4
What is the ten thousands digit of 7688863?
8
What is the hundred thousands digit of 368883?
3
What is the hundred thousands digit of 319341?
3
What is the units digit of 398991?
1
What is the thousands digit of 24077400?
7
What is the units digit of 11627?
7
What is the thousands digit of 23665?
3
What is the tens digit of 444480?
8
What is the hundred thousands digit of 245770?
2
What is the ten thousands digit of 3716522?
1
What is the hundreds digit of 6511115?
1
What is the thousands digit of 4952860?
2
What is the units digit of 584399?
9
What is the thousands digit of 264599?
4
What is the hundred thousands digit of 1349782?
3
What is the millions digit of 7675916?
7
What is the millions digit of 4993531?
4
What is the ten thousands digit of 660889?
6
What is the tens digit of 191494?
9
What is the ten thousands digit of 994861?
9
What is the hundreds digit of 76527?
5
What is the tens digit of 4396769?
6
What is the thousands digit of 12275026?
5
What is the ten thousands digit of 15822698?
2
What is the hundred thousands digit of 40602893?
6
What is the tens digit of 6580500?
0
What is the units digit of 22151620?
0
What is the units digit of 2223103?
3
What is the hundred thousands digit of 907409?
9
What is the hundreds digit of 903075?
0
What is the units digit of 232200?
0
What is the tens digit of 3066433?
3
What is the millions digit of 1333683?
1
What is the hundreds digit of 907523?
5
What is the thousands digit of 10569?
0
What is the ten millions digit of 17592793?
1
What is the thousands digit of 386782?
6
What is the millions digit of 2967576?
2
What is the hundreds digit of 32449?
4
What is the thousands digit of 2013752?
3
What is the ten millions digit of 16609130?
1
What is the hundreds digit of 4007309?
3
What is the tens digit of 1286534?
3
What is the tens digit of 1500577?
7
What is the hundreds digit of 421798?
7
What is the units digit of 10823709?
9
What is the tens digit of 285399?
9
What is the units digit of 3158264?
4
What is the tens digit of 13491419?
1
What is the units digit of 17079959?
9
What is the units digit of 3536454?
4
What is the ten thousands digit of 5217703?
1
What is the thousands digit of 1281275?
1
What is the ten thousands digit of 371947?
7
What is the hundreds digit of 235569?
5
What is the hundreds digit of 416894?
8
What is the thousands digit of 1583325?
3
What is the hundred thousands digit of 1622695?
6
What is the hundreds digit of 940335?
3
What is the millions digit of 6092044?
6
What is the tens digit of 314293?
9
What is the thousands digit of 10380?
0
What is the hundreds digit of 1042155?
1
What is the tens digit of 159050?
5
What is the thousands digit of 58552?
8
What is the ten millions digit of 15734098?
1
What is the hundreds digit of 22693?
6
What is the units digit of 187074?
4
What is the units digit of 484175?
5
What is the ten millions digit of 20289636?
2
What is the thousands digit of 107123?
7
What is the units digit of 3169487?
7
What is the millions digit of 2460308?
2
What is the hundreds digit of 2273?
2
What is the units digit of 226247?
7
What is the hundreds digit of 69013?
0
What is the hundred